 22*g + 114. What is the hundreds digit of p(22)?
5
Suppose -234 = 2*l - 620. Suppose -5*w + l = -127. What is the units digit of w?
4
Let d = -7 - -10. Let o = d + 3. Suppose -2 + o = f. What is the units digit of f?
4
Let g(d) = -17*d**2 - 21*d**3 + 14*d**3 - 21*d - 32 + 6*d**3. What is the units digit of g(-16)?
8
Suppose -8*u + 10*u + 18 = 0. Let p(s) = 15*s - 8. Let v be p(u). Let f = 201 + v. What is the units digit of f?
8
Let o = -60 - -102. Let q = 8 + o. What is the units digit of q?
0
Let q(d) = d**2 - 15. Let h be q(0). Let n = h - -41. Let m = n + 9. What is the tens digit of m?
3
Let h(z) = 6*z. Let r be h(-1). Let u be 3/9 + 8/r. Let d(v) = -3*v**3 - 1. What is the units digit of d(u)?
2
Let l = 3475 - 1923. What is the thousands digit of l?
1
Suppose 5*h - 4*p = 100, 73 = -3*h + 6*h - 5*p. Let f(z) = z - 18. Let l be f(9). What is the units digit of (-268)/l + h/72?
0
Let b = 6 - 22. Let a be 132/b*32/(-6). Suppose -5*t + t = -a. What is the units digit of t?
1
Let u be -1 - 5/10*4 - 9. Let c = -37 - -52. Let r = u + c. What is the units digit of r?
3
Let j = 43 + -42. What is the tens digit of j/((0 + 3)/156)?
5
Suppose 3*r - 2273 = 5*m, m - 2*m = -5*r + 3759. What is the tens digit of r?
5
Let p be (-1)/(-2) + 445/(-10). Let x be 8/p + 8/44. Suppose -3*o + 45 + 21 = x. What is the units digit of o?
2
Let j(i) = 12*i**2. Let u be j(-1). Let r = 210 - 80. What is the units digit of u/(-15)*r/(-4)?
6
What is the units digit of ((-84)/105)/(863/865 + -1)?
6
What is the units digit of (-3)/(9/(-1920)) + 7?
7
Let g(a) = -a**2 - 9*a + 15. Let k be g(-10). Suppose 5*z = -k*j - 0*z + 180, -4*z = 2*j - 70. What is the units digit of j?
7
Suppose 5*c - 232 = 13. Let j = c + 30. What is the tens digit of j?
7
What is the units digit of -298*3/30*-5?
9
Let l(a) = -a**3 - a**2 - 4*a - 25. Let b be l(0). Let r = b - -64. What is the units digit of r?
9
What is the tens digit of 651/(-14)*-36 + 0?
7
What is the tens digit of 4/8 + (-10908)/(-8)?
6
Suppose 3789 = -29*w + 38*w. What is the units digit of w?
1
Let j be (-226)/(-8) + (-11)/44. Let a = -19 + j. Suppose a*n - 180 = 4*n - u, 0 = -4*n + 4*u + 144. What is the units digit of n?
6
Let g(v) = 6 + 11 - 10 - 60*v. What is the hundreds digit of g(-3)?
1
Suppose 4*c = -c + 20. Suppose 0 = 3*j, 6*g - c*g - j = 2. What is the units digit of ((-12)/(-4) - 2)/g?
1
Let y(h) = 5*h**2. Let r be 1 + 1 - (2 - 4). Let x be r/26 - 88/(-104). What is the units digit of y(x)?
5
Suppose -i = -4*c + i + 1342, -5*i - 1665 = -5*c. What is the units digit of c?
8
Let l = -10 + 137. Let b = l + -63. What is the units digit of b?
4
Suppose -z + 6 = 1. Suppose -20 = -5*n - 5*j, -3*n + 14 = -j + z*j. Suppose n*c + 21 = 3*s, 1 - 8 = -s + 4*c. What is the units digit of s?
7
Let n be (2/8)/((-8)/(-160)). Suppose 9*m - n*m = 384. What is the units digit of m?
6
Suppose 0 = 33*i - 49*i + 37008. What is the units digit of i?
3
Let d(p) = -p**3 + 6*p**2 + 4*p - 5. Suppose -h + 17 = 3*s, -3*h = 2*s + 11 - 34. What is the tens digit of d(h)?
4
What is the thousands digit of 2519 + 33/(-11) - 1?
2
Let m be 2/(-2)*(-1 + -2). Suppose -m*h = 4*h - 287. What is the tens digit of h?
4
Let t = -3097 - -8133. What is the hundreds digit of t?
0
Suppose 0 = -15*q + 2265 - 435. What is the units digit of q?
2
Suppose -2*n - 576 = -d, 0 = -4*d + 19*n - 17*n + 2316. What is the tens digit of d?
8
Suppose -2*i + 8 = -2. Suppose -i*h - 56 = -136. Suppose -3*j = -h - 20. What is the units digit of j?
2
Suppose -23*c = -4*c - 12863. What is the tens digit of c?
7
Suppose -12 = -8*i + 5*i. Let u be i/(-3)*9/(-2). Let s = u - -5. What is the units digit of s?
1
Suppose z - 3*b = 1394, -3*z - 2*b + 234 = -3970. What is the tens digit of z?
0
Let q = 1031 + -62. What is the hundreds digit of q?
9
Suppose 4*i - 1338 = -3*v - 3*v, -i + 327 = 3*v. What is the hundreds digit of i?
3
Let t(u) = -3*u - 11. Let n be t(-6). Suppose -2*y = -y - n. What is the units digit of -24*(56/(-6))/y?
2
Let f(j) = 277*j**2 - 11*j + 12. What is the tens digit of f(1)?
7
Suppose 3*j - c = 182 + 2598, 0 = -4*j - 4*c + 3712. What is the hundreds digit of j?
9
What is the hundreds digit of (-2035)/22*(0 - 2)?
1
Let g be (-2 - 2) + 3 + 3. Suppose 4*i + 115 = g*u + 3, -6 = 3*i. What is the tens digit of u?
5
Let j(h) = 6*h - 2. Let p be j(1). Suppose r - 62 = p. What is the units digit of r?
6
Let k(c) = 2 - 6 + 124*c + 1. Let v be k(2). Suppose -2*u = 3*u - v. What is the tens digit of u?
4
Let h(k) = -k**3 + 9*k**2 - 7*k - 5. Let l be h(8). Suppose 2*a - 3*v + 12 = 0, 3*a + v + v = 8. What is the units digit of 28 + l - (a + -4)?
5
Suppose 0*k + 29 = -5*k - v, 4*k - v + 16 = 0. Let j be (2/5)/(k/(-50)). Suppose -j*t + 73 = -3*t. What is the units digit of t?
3
Suppose w + 5*l + 28 = 2*w, 4*w - 27 = 3*l. Suppose 5*t - 10 = -w*v - 54, -t = -2. Let i = 0 - v. What is the units digit of i?
8
Suppose -3*m + 2 = -2*m, -5*o + m + 7913 = 0. What is the hundreds digit of o?
5
Let f = 5 + -227. Let z = f - -391. What is the units digit of z?
9
Suppose -3798 - 5882 = -8*l. What is the tens digit of l?
1
Suppose 611 = 4*u + 3*x, -3*u + 6*x + 480 = x. Suppose -u*l - 111 = -156*l. What is the units digit of l?
1
Let y(z) = 3*z**2 - 3*z - 18. Let w(t) = 2*t**2 - 2*t - 9. Let f(m) = m**2 + m + 5. Let p be f(0). Let r(o) = p*w(o) - 3*y(o). What is the units digit of r(-4)?
9
Suppose 5*r = -4*a - 103, -5*r + 24 = -1. Let j = a + 81. What is the tens digit of j?
4
Suppose -3*v = 4*a - 3, a + 2*v + 4 - 6 = 0. Suppose a + 3 = z. What is the units digit of 1/(9/z - 2)?
1
Let m(d) = d**2 + 6*d - 7. Let f(v) = -5*v - 4. Let b be f(-2). What is the tens digit of m(b)?
6
Let f be (3 - 1)/(4/6). Suppose 211 = 3*j + 5*t, -j - 2*t = -f*j + 162. What is the units digit of j?
7
Suppose l + 0*l = -14. Let v = l - -47. What is the units digit of v?
3
Suppose 29*j + 2*k - 1710 = 25*j, 0 = 4*j - 5*k - 1717. What is the tens digit of j?
2
Suppose -3*m - 212 - 55 = -2*a, -a + 5*m = -137. What is the hundreds digit of a?
1
Suppose 4*r = 11403 - 1243. What is the hundreds digit of r?
5
Let j(f) = 84*f**3 - 3*f**2 - f + 15. What is the hundreds digit of j(3)?
2
What is the units digit of (82 + -76)/(4/1406)?
9
Let p = 4183 - 2420. What is the thousands digit of p?
1
Let s = 50 + -45. Suppose -s*k = -3*v + 73, 4*k + 113 = -v + 6*v. What is the tens digit of v?
2
Suppose 5*q - 17 = 8. Suppose 0 = -q*v - 3*m - 9, -1 = 4*v - v + 4*m. What is the units digit of (-498)/(-36) - v/18?
4
Suppose -z + 339 = 2*f - 288, -933 = -3*f - 4*z. What is the hundreds digit of f?
3
Suppose -8*i - y + 351 = -4*i, -2*i - 3*y + 183 = 0. What is the units digit of i?
7
What is the units digit of ((-11)/((-66)/4))/(2/69)?
3
Suppose -1262 = h - 3*h - 3*j, -1871 = -3*h + j. What is the units digit of h?
5
Let k(c) = c - 17. Let m be k(20). Suppose 3*g + g = -m*r + 415, 3*r - 413 = -2*g. What is the hundreds digit of r?
1
Let c(s) = 3*s - 64. Let w(g) = -5*g + 128. Let d(a) = 7*c(a) + 3*w(a). What is the tens digit of d(28)?
0
Let j(y) = -115*y - 1. Let z be j(-3). Suppose r - 34 = -3*g + 3*r, 64 = 5*g + 4*r. What is the units digit of (9/6)/(g/z)?
3
Suppose -2*r + 3*r = -s, -s - 16 = 5*r. Let m(n) = -n - 2. Let t be m(-3). What is the tens digit of -129*r/12*t?
4
Let r(b) = b**2 + 3*b + 5. Let d be r(6). Let y = d - 3. What is the units digit of y?
6
Let c be 3 - 0/((-1)/1). Suppose 2*u - 53 = -3*v + 19, c*v = 4*u - 144. What is the units digit of u?
6
Suppose -g + 3*g = 6. Suppose -3*h = -4*d - 315, g*h + 221 = 5*h + d. What is the hundreds digit of h?
1
Suppose 2*s + z - 327 + 12 = 0, -5*s + 2*z = -765. Suppose 2*l = 3*p + 2*p + s, 0 = 3*p + 9. What is the units digit of l?
0
Let a = -503 - -1120. What is the units digit of a?
7
Let g be (-4)/(3*1/(-150)). Suppose 0 = 8*z - 960 + g. What is the units digit of z?
5
Let x = 7 - 8. Let z = 7 + x. Suppose -96 = 2*k - z*k. What is the tens digit of k?
2
Let i(d) = 0*d + 22 + d - 1. Let t be (0 - 6)*(-32)/12. What is the tens digit of i(t)?
3
Suppose 0 = -2*f - f - 12. Let o(t) = -3*t + t**2 - 3 + 4*t + 0*t. What is the units digit of o(f)?
9
Suppose 79672 = 10*w + 14712. What is the hundreds digit of w?
4
Let a be 5/15 + 16/6. Suppose 3*l - a*i + 20 = 2*i, -8 = 2*l + 2*i. Let o(